 l = 672 - 681. Determine c(l).
9
Suppose 10 = -5*b + 4*b + 2*x, 0 = 4*x - 20. Let k(h) = -h + b*h + 0*h + 1 + 2*h. Let t = -7 + 5. Calculate k(t).
-1
Let t(i) = -17*i**3 + 21*i**2 + 6*i - 98. Let z(f) = -5*f**3 + 7*f**2 + 2*f - 29. Let x(n) = 2*t(n) - 7*z(n). Let l be (-2 - -3)/((-2)/(-14)). Calculate x(l).
-7
Let u = 2007 + -1998. Let p(v) = -2*v**2 + 18*v - 6. What is p(u)?
-6
Let p = 620 - 624. Let w(y) be the second derivative of -y**3/6 - 3*y**2/2 - y. Calculate w(p).
1
Let b(p) = 5*p**3 + 2*p**2 + 10*p - 4. Let a(m) = -m**3 + m**2. Let f(t) = -6*a(t) - b(t). Calculate f(9).
-5
Suppose -2*r - 15 = -3*s - 0*r, 2*r = -3*s + 27. Let u(h) = -h**3 + 8*h**2 - 7*h + 8. What is u(s)?
8
Suppose 0 = 4*y - 7*y - 18. Let t(o) = 3*o + 8. Let v(u) = -4*u - 8. Let h(f) = -3*t(f) - 2*v(f). Give h(y).
-2
Let s(n) be the second derivative of -5*n**4/6 + n**3/6 + n**2 + 17*n. Let y(c) = -9*c**2 + c + 1. Let q(h) = -2*s(h) + 3*y(h). Let l = 1 + 0. Calculate q(l).
-7
Let n(h) = -h**3 - h + 1. Let f(j) = 8*j**3 - 29*j**2 - 4*j - 11. Let c(p) = -f(p) - 5*n(p). Let x be c(10). Let r(a) = 2*a**2 + 4*a + 5. Give r(x).
21
Suppose -x = -20*x - 35*x - 108. Let c(l) be the second derivative of -l**4/6 - 2*l**3/3 - 3*l**2/2 - 2*l. Determine c(x).
-3
Let b(n) = 5*n + 84. Let g be b(-19). Let p(o) = -2*o + 32. Let q(s) = -s + 11. Let m(f) = g*q(f) + 4*p(f). Give m(-5).
-8
Let l be -38*(-6 + 336/57). Let b(p) = p**3 - 4*p**2 + 1. Determine b(l).
1
Let i(k) = -k + 11. Let m be (-30)/4*(-108)/30. Let a = m - 29. Let x be 1*a/((-4)/10). Calculate i(x).
6
Let w(x) = -x**3 - 12*x**2 - 2*x + 11. Let f(u) = -u**2 + u. Let h(b) = -3*f(b) + w(b). Let p be (-1)/(-5*(-1)/25) - 3. Give h(p).
-13
Let q(z) be the third derivative of -1/24*z**4 + 0 + 1/15*z**5 + 0*z + 1/120*z**6 + 13*z**2 + 1/3*z**3. Determine q(-5).
-18
Let o(p) = 8*p - 39. Suppose -71*f - 8 + 363 = 0. What is o(f)?
1
Let l(o) be the first derivative of o**5/30 - o**4/24 - 2*o**3 - 13. Let s(c) be the third derivative of l(c). Let k = -4 + 3. What is s(k)?
-5
Let a(w) = w. Let f(h) = 8*h + 2. Let r be f(-1). Let u be (-2)/(-3) + r/((-90)/(-55)). Determine a(u).
-3
Suppose -3*w + 18 + 0 = 0. Let j = -2 + w. Let x(t) be the third derivative of t**6/120 - t**5/12 + t**4/4 - t**3 - t**2. Calculate x(j).
2
Let s(n) = -n**2 + 2. Let t be (-24 - -19)/((-5)/2). Give s(t).
-2
Let j(n) = -n**2 - 8*n + 10. Let t = -15 - -36. Let c = -30 + t. What is j(c)?
1
Let t(v) be the second derivative of v**3/3 - 3*v**2/2 + 2*v. Let l(z) = -1. Let c = -20 + 14. Let r(d) = c*l(d) - t(d). Give r(6).
-3
Let f(y) = -y. Let s be (-6*2/(-8))/((-19)/38). What is f(s)?
3
Suppose -14 = -3*c + 4. Let s be (-7)/(-21)*(3 - 0). Let v be (c/(-10))/(s/5). Let k(l) = -l**3 - 3*l**2 + 2*l. Determine k(v).
-6
Let g(s) = s - 9. Suppose -3*c + 0 + 12 = 0. Let x = 44 - 44. Suppose -c = -x*q - q. Give g(q).
-5
Let d(g) = -22 - 6*g + 8*g - 2*g - 14*g - 26 - g**2. Give d(-9).
-3
Let k be (-10)/5 - (-2 + 0). Suppose -2*t + 2*x + 2 = -k*t, -2*t + 8 = 4*x. Let i(u) be the first derivative of 2*u**2 - 2*u - 20. Calculate i(t).
6
Let z(p) = p**3 + 3*p**2 - 4*p. Let i be z(-3). Let v be 0 + i - (-2)/((-8)/12). Let f(u) = -u + 4. Determine f(v).
-5
Suppose -3*m = -m - 8. Let t(d) = -6 + 7 - m - d**2 - d. Determine t(0).
-3
Let h(m) = 7*m**3 + m**2 + 1. Let d(r) = 9*r**3 + 2*r**2 + 2. Let y(a) = -4*d(a) + 5*h(a). Give y(-2).
-7
Let g(c) = c**2 - 3*c - 5. Let q(j) be the second derivative of -j**5/20 - 11*j**4/12 - 11*j**3/6 - 3*j**2 + 12*j. Let k be q(-10). Give g(k).
-1
Let x(a) = 13*a**2 - a - 32. Let d(v) = -8*v**2 + v + 21. Let c(m) = 8*d(m) + 5*x(m). Give c(0).
8
Let f(j) = -j**3 + 7*j**2 + 11*j - 6. Suppose 18*s + 2*v - 8 = 17*s, -5*s + 40 = -5*v. What is f(s)?
18
Suppose -4*n + 8 = -2*j, -5*n - 2*j + 3*j = -4. Suppose -3*k + 5*k = 3*t - 3, n = -5*t - k + 5. Let a(p) = -3*p**2 - 1. Determine a(t).
-4
Let b(l) be the third derivative of l**8/20160 + l**7/840 + l**6/180 - 2*l**5/3 + 14*l**2. Let a(v) be the third derivative of b(v). What is a(-6)?
4
Let g(c) = 3*c - 1. Let p(u) = 14*u - 6. Let k(w) = 3*g(w) - p(w). Calculate k(3).
-12
Let c(a) = 6*a**2 + a**3 + 6 - 5*a - 2*a**2 - 6. Let s be (9 - 10)/(1/5). Determine c(s).
0
Let v(h) be the first derivative of h**3/3 + 9*h**2/2 - 79. Give v(-9).
0
Let a(l) = -4*l**2 + 8*l - 6. Let f(o) = o**2 - 3*o + 2. Let i(p) = 2*a(p) + 7*f(p). Suppose 0 = 15*c - 41 + 116. Determine i(c).
2
Suppose -2*d - d = -d. Let j(c) be the second derivative of -2*c + c**2 + 1/20*c**5 + d - 1/4*c**4 + 1/6*c**3. Calculate j(3).
5
Suppose 26 = -5*v + r + 71, 3*r = 0. Suppose 3*c + v - 15 = 0. Suppose 7 - c = -t. Let b(d) = d**3 + 6*d**2 + 7*d + 5. Determine b(t).
-5
Let r = -55 - -54. Let o(u) be the third derivative of 0 + 0*u - 2*u**2 + 0*u**3 - 1/10*u**5 + 0*u**4. Determine o(r).
-6
Let v(p) = 14*p + 5. Let d = 67 + -68. Calculate v(d).
-9
Let p(m) be the third derivative of m**6/60 + m**4/12 + m**3/6 - 78*m**2. Give p(-2).
-19
Let c(z) be the third derivative of -2*z**2 + 1/24*z**4 - 1/6*z**3 + 0 + 0*z. Let s(l) = 6*l**2 + 2*l - 1. Let n be s(1). What is c(n)?
6
Let u(g) = -g**3 - g**2 + 3*g. Suppose h + 59 = 2*d - 2*h, 2*h + 27 = d. Let m = 34 - d. Determine u(m).
9
Let b = -2 + 4. Let p(f) = f - b*f - 1 + 1. What is p(5)?
-5
Let p(x) = 3 - 4 + 2 + 2*x. Let t be (-9)/6 - ((-14)/4)/1. Suppose -5*m = 5*q - 35, 5*m - t*q - 3 - 4 = 0. Give p(m).
7
Let f = 0 + 0. Let v(m) be the second derivative of 13*m - 1/2*m**2 - 1/12*m**4 + 0*m**3 + 1/20*m**5 + 0. What is v(f)?
-1
Let l(d) be the first derivative of d**2/2 + 2*d + 2. Suppose -5*t - 3*s + 245 = 0, 2*t - 2*s = -7*s + 117. Let p be t/(-8) + (-2)/8. What is l(p)?
-4
Suppose 2*h = 3*p + 27, -2*h - h + 23 = -p. Let l(d) be the second derivative of -d**4/12 + 7*d**3/6 + d**2 - 1750*d. Give l(h).
8
Let k(o) be the third derivative of o**4/24 - 5*o**3/6 + o**2 + 91. Suppose 3*u = -0*u + 3*h + 12, -4 = -u - 2*h. Let z be 22/5 + u/(-10). Give k(z).
-1
Suppose 5*b = -15, 0*n + b = -2*n + 7. Let l(s) be the second derivative of s**5/20 - s**4/2 + 2*s**3/3 + s**2/2 - 51*s. Calculate l(n).
-4
Suppose 0 = -4*i - 3*q - 9, 0 = -3*i - 2*i + 2*q + 6. Suppose i = 4*z - j - 3, -2*z - 4*j + 4 = -2*j. Let g(l) = -z - 3*l + l + 0 + l. Give g(3).
-4
Suppose -d = -2 - 1, -5*d - 9 = 3*w. Let r = w - -11. Suppose -t + r - 2 = 0. Let g(f) = 3*f. What is g(t)?
3
Let s(g) = 3 + 1 + 6*g - g**2 + 2 + 0*g**2. Let c be 6 + 42/(-7) + 6. Determine s(c).
6
Suppose -3*t + t = -2. Let b(o) = o - 2*o**2 + 2 - o - t. Let z(m) = -4*m**3 + 40*m**2 + 2*m - 22. Let g be z(10). What is b(g)?
-7
Let n(u) = u**3 - 9*u**2 + 9*u. Let m(j) = -2*j + 30. Let b be m(15). Suppose -z + b*z + 3*s + 11 = 0, -4*s = 4*z - 28. What is n(z)?
8
Let b(m) = -4*m + 13. Let g(n) = n + 1. Let s(x) = b(x) - 6*g(x). Calculate s(3).
-23
Let x(b) = b**2 - 16*b - 1. Let j(w) = -w**2 + 20*w + 1. Let a(m) = -4*j(m) - 5*x(m). Let c(d) = -d**2 + 6*d + 2. Let t be c(6). What is a(t)?
-3
Let r(b) = -32*b. Let t = -53 + 61. Let m be (0 + 1)/(t - (11 + -4)). Give r(m).
-32
Let g(o) be the first derivative of -o**3/3 - 3*o**2/2 + 2*o + 11. Let f be (2/(-1))/((-7)/(-21)). Calculate g(f).
-16
Let g(x) be the second derivative of 7*x**3/6 + x**2/2 + 47*x. Give g(-1).
-6
Let s(a) = -6*a. Suppose -4*w + 20 = w. Suppose -3*x + 23 = -7*x - 5*z, 22 = -5*x - w*z. What is s(x)?
12
Let p(y) = 61*y - y**2 - 49*y + 4 - 19*y. Suppose 22 = -5*j - 2*b, -b = -4*j - 2*b - 20. Calculate p(j).
10
Let c(q) = 4 - 3 + q - 3 + 7. Let z be (-2 + 2)/(-7 - -2). What is c(z)?
5
Let f be ((-18)/21)/((-100)/(-35) + -3). Let q(g) = -3*g + 5. Determine q(f).
-13
Let q(s) = -s**2 + 7*s - 6. Suppose -4*o + 4*c = -32, 6*o - 4*o = -5*c + 9. Determine q(o).
-6
Suppose v = 2*h - 4, -3*h + 7*v - 6*v + 6 = 0. Let p(t) = -3*t**3 - 3*t + 2. Give p(h).
-28
Let m = 24 - 17. Let a(h) = -4*h. Let g(o) = 21*o + 5. Let i(c) = 6*a(c) + g(c). Determine i(m).
-16
Suppose 9*t - 2 = 8*t. Let b(p) = -2*p**t + 2*p**2 + 210*p - 23 - 209*p - p**2. Determine b(0).
-23
Suppose 4*j + 0*j + 12 = 0. Let q(x) = -4*x + 7. Let k(c) = 7*c - 13. Let u(r) = j*k(r) - 5*q(r). Let b = 13 + -9. Give u(b).
0
Let a(s) be the second derivative of s**3/6 + 9*s**2/2 - 35*s. What is a(-6)?
3
Let n(g) = 17*g**2 + 19*g + 14. Let d(v) = 14*v**2 +